 multiple of 175?
False
Does 10 divide 275501?
False
Is 106 a factor of 1334752?
True
Is 589845 a multiple of 179?
False
Is 13144336 a multiple of 316?
True
Is 16 a factor of 9781008?
True
Is 3 a factor of 1368516?
True
Does 68 divide 28628?
True
Does 2 divide 42757?
False
Is 61573 a multiple of 134?
False
Is 954795 a multiple of 265?
True
Does 4 divide 51308?
True
Does 36 divide 992844?
True
Does 2 divide 387540?
True
Is 91759 a multiple of 162?
False
Is 28 a factor of 473284?
True
Is 12 a factor of 1574891?
False
Is 5 a factor of 2970?
True
Does 7 divide 836765?
False
Does 127 divide 1895348?
True
Is 224494 a multiple of 278?
False
Is 295512 a multiple of 21?
True
Is 101091 a multiple of 93?
True
Is 2 a factor of 23416?
True
Is 11 a factor of 839975?
False
Does 122 divide 730170?
True
Is 1185 a factor of 4003207?
False
Is 4976538 a multiple of 226?
False
Is 5510038 a multiple of 229?
False
Is 35524 a multiple of 5?
False
Is 5152 a multiple of 161?
True
Is 14 a factor of 42462?
True
Is 1099400 a multiple of 115?
True
Does 20 divide 1776519?
False
Is 37 a factor of 654382?
True
Is 30 a factor of 351480?
True
Is 95634 a multiple of 22?
True
Is 121 a factor of 91002?
False
Does 25 divide 52473?
False
Is 161 a factor of 6598263?
True
Is 2 a factor of 29502?
True
Is 3067996 a multiple of 70?
False
Does 28 divide 46580?
False
Is 20 a factor of 1054420?
True
Is 1725840 a multiple of 816?
True
Does 308 divide 335132?
False
Does 78 divide 156266?
False
Is 1337629 a multiple of 409?
False
Is 3 a factor of 3722582?
False
Does 13 divide 6912360?
True
Is 12 a factor of 2986236?
True
Is 199947 a multiple of 33?
True
Is 339485 a multiple of 15?
False
Does 252 divide 264600?
True
Is 5232 a multiple of 109?
True
Is 147610 a multiple of 29?
True
Does 214 divide 231559?
False
Does 300 divide 132871?
False
Is 656757 a multiple of 67?
False
Is 682 a factor of 3791238?
True
Is 194724 a multiple of 13?
False
Does 3 divide 278955?
True
Does 63 divide 1540492?
False
Does 16 divide 2515632?
True
Does 21 divide 48600?
False
Does 23 divide 14671953?
True
Is 38 a factor of 5890?
True
Is 10 a factor of 21790710?
True
Does 571 divide 5230116?
False
Does 76 divide 468890?
False
Is 8 a factor of 43688?
True
Does 647 divide 2925451?
False
Does 593 divide 382485?
True
Does 77 divide 1520992?
False
Is 863360 a multiple of 892?
False
Is 776 a factor of 9201032?
True
Does 221 divide 712185?
False
Does 9 divide 1821102?
False
Does 31 divide 125953?
True
Is 308138 a multiple of 32?
False
Is 1302149 a multiple of 5?
False
Does 21 divide 324113?
False
Is 412323 a multiple of 75?
False
Is 158678 a multiple of 13?
True
Is 27 a factor of 3713358?
False
Is 30326 a multiple of 59?
True
Is 486 a factor of 96480?
False
Is 3462900 a multiple of 1194?
False
Does 83 divide 1860113?
True
Is 699428 a multiple of 110?
False
Is 16 a factor of 6096?
True
Is 18 a factor of 650808?
True
Is 83 a factor of 376073?
True
Is 1146 a factor of 2885628?
True
Is 33 a factor of 180866?
False
Is 14 a factor of 1837757?
False
Is 136 a factor of 213869?
False
Does 6 divide 44546?
False
Is 2134212 a multiple of 1214?
True
Is 23377039 a multiple of 23?
True
Is 150072 a multiple of 52?
True
Is 23 a factor of 3809087?
False
Is 10469081 a multiple of 269?
False
Does 2 divide 12004?
True
Is 45142 a multiple of 40?
False
Is 7057609 a multiple of 399?
False
Is 1706361 a multiple of 159?
False
Is 8552985 a multiple of 35?
True
Does 81 divide 60053?
False
Is 169 a factor of 13970746?
False
Does 29 divide 6018631?
True
Does 29 divide 77850?
False
Does 241 divide 279801?
True
Does 27 divide 71712?
True
Does 46 divide 3778826?
False
Does 434 divide 71487?
False
Does 22 divide 30822?
True
Is 17881157 a multiple of 42?
False
Is 114 a factor of 236664?
True
Is 59 a factor of 262963?
True
Does 31 divide 1037068?
False
Is 47 a factor of 2568785?
True
Is 1333633 a multiple of 119?
True
Does 1518 divide 11099613?
False
Does 38 divide 259084?
True
Does 5 divide 10933?
False
Does 7 divide 81996?
False
Does 59 divide 2082?
False
Does 233 divide 461107?
True
Does 15 divide 1115565?
True
Is 10169016 a multiple of 12?
True
Is 240466 a multiple of 441?
False
Does 92 divide 2104408?
True
Does 81 divide 1242250?
False
Does 52 divide 77157?
False
Is 51 a factor of 12212715?
True
Does 134 divide 2466270?
True
Does 67 divide 893713?
True
Does 352 divide 857472?
True
Does 14 divide 37167?
False
Does 1229 divide 13293527?
False
Is 11 a factor of 27808?
True
Does 513 divide 11442465?
True
Is 352 a factor of 254144?
True
Is 759 a factor of 11653650?
False
Is 79 a factor of 1042975?
False
Is 37 a factor of 37474?
False
Is 1197660 a multiple of 12?
True
Is 9 a factor of 628110?
True
Is 4841198 a multiple of 86?
True
Is 482148 a multiple of 18?
True
Is 26666675 a multiple of 77?
False
Is 19 a factor of 6722675?
True
Is 9 a factor of 109989?
True
Does 29 divide 49619?
True
Does 15 divide 2850?
True
Is 11 a factor of 2156330?
True
Does 177 divide 8221105?
False
Does 696 divide 1943376?
False
Does 8 divide 131015?
False
Is 7099 a multiple of 2?
False
Does 127 divide 319532?
True
Is 434 a factor of 355880?
True
Does 7 divide 57281?
True
Does 15 divide 5229795?
True
Is 290772 a multiple of 197?
True
Is 31779 a multiple of 33?
True
Is 1252160 a multiple of 160?
True
Is 1388984 a multiple of 21?
False
Is 17 a factor of 961180?
True
Is 227476 a multiple of 212?
True
Does 109 divide 865678?
True
Is 1014150 a multiple of 50?
True
Is 13 a factor of 3296411?
False
Is 2751623 a multiple of 712?
False
Does 62 divide 1129755?
False
Does 552 divide 5143206?
False
Is 23 a factor of 17945543?
True
Is 708500 a multiple of 25?
True
Is 55980 a multiple of 4?
True
Does 228 divide 924084?
True
Is 170906 a multiple of 68?
False
Is 9239195 a multiple of 35?
True
Does 22 divide 353645?
False
Is 690642 a multiple of 333?
True
Does 36 divide 20562480?
True
Does 33 divide 2676689?
False
Does 103 divide 545179?
True
Is 10 a factor of 325750?
True
Is 144 a factor of 12510432?
True
Does 3 divide 954864?
True
Does 7 divide 2765794?
False
Is 31 a factor of 45889?
False
Does 110 divide 2967453?
False
Is 95 a factor of 62794?
False
Is 26 a factor of 124176?
True
Is 3898516 a multiple of 467?
True
Does 135 divide 500985?
True
Is 1298772 a multiple of 516?
True
Is 2755863 a multiple of 81?
True
Is 29 a factor of 712559?
True
Is 120580 a multiple of 20?
True
Does 3 divide 190376?
False
Does 18 divide 6045432?
False
Is 6 a factor of 160356?
True
Does 12 divide 35856?
True
Does 36 divide 305712?
True
Does 18 divide 216936?
True
Is 7 a factor of 61509?
True
Is 39 a factor of 4544085?
True
Is 3824522 a multiple of 155?
False
Is 725466 a multiple of 7?
True
Does 20 divide 16872740?
True
Is 6 a factor of 918892?
False
Does 28 divide 26768?
True
Is 270336 a multiple of 352?
True
Is 264 a factor of 192843?
False
Does 36 divide 8667983?
False
Does 15 divide 8737445?
False
Is 26470192 a multiple of 2128?
True
Is 336 a factor of 3633504?
True
Is 428 a factor of 13535072?
True
Does 12 divide 24490?
False
Does 755 divide 2628874?
False
Does 6 divide 1819108?
False
Is 942457 a multiple of 9?
False
Is 13 a factor of 76520?
False
Is 250032 a multiple of 15?
False
Does 10 divide 531991?
False
Does 17 divide 5066224?
False
Does 104 divide 1057193?
False
Is 4212054 a multiple of 231?
True
Is 330 a factor of 129190?
False
Is 337630 a multiple of 12?
False
Is 68 a factor of 268682?
False
Does 43 divide 1078018?
False
Is 970452 a multiple of 126?
True
Is 22 a factor of 9661118?
False
Is 8761298 a multiple of 338?
True
Is 368032 a multiple of 53?
True
Does 84 divide 26292?
True
Is 11 a factor of 551122?
True
Is 2005817 a multiple of 206?
False
Is 25522702 a multiple of 11?
False
Does 512 divide 4158773?
False
Is 5336240 a multiple of 7?
True
Does 17 divide 33592?
True
Is 2 a factor of 696652?
True
Does 136 divide 666400?
True
Is 30 a factor of 898080?
True
Does 144 divide 841501?
False
Is 16 a factor of 424677?
False
Is 21 a factor of 1788185?
False
Is 69002 a multiple of 3?
False
Is 102201 a multiple of 442?
False
Is 7445340 a multiple of 14?
True
Is 464127 a multiple of 516?
False
Is 3051682 a multiple of 1234?
True
Does 16 divide 583829?
False
Is 76 a factor of 52972?
True
Is 4 a factor of 1102631?
False